{"id":16715,"date":"2017-07-27T08:00:52","date_gmt":"2017-07-27T08:00:52","guid":{"rendered":"http:\/\/www.arabtion.net\/?page_id=16715"},"modified":"2017-07-27T08:00:52","modified_gmt":"2017-07-27T08:00:52","slug":"unis-akkreditierung","status":"publish","type":"page","link":"https:\/\/uncav-vienna.org\/?page_id=16715","title":{"rendered":"UNIS-Akkreditierung"},"content":{"rendered":"<p><strong>Medienakkreditierung direkt im Vienna International Centre:<\/strong><\/p>\n<p><strong>Vorgangsweise:<\/strong><\/p>\n<p>Bona-fide-Medienvertreter \u00a0(Print, Foto, Radio, TV und Film, Nachrichtenagenturen und online-Medien), die die Voraussetzungen f\u00fcr eine Akkreditierung entsprechend den\u00a0Anforderungen der UNO erf\u00fcllen, k\u00f6nnen sich f\u00fcr das Vienna International Centre sowohl f\u00fcr einzelne Veranstaltungen,\u00a0als auch f\u00fcr eine Jahresakkreditierung DIREKT\u00a0akkreditieren lassen und haben somit Zugang zu den jeweiligen Konferenzen bzw. Veranstaltungen der UNO in Wien.<\/p>\n<p>In Vereinbarung mit UNIS (UN Informationsdienst) haben Sie als UNCAV-Mitglied daf\u00fcr mehrere M\u00f6glichkeiten:<\/p>\n<ol>\n<li>F\u00fcr einen Tagespass zum einmaligen Betreten des Geb\u00e4udes (z.B. eine spezielle Pressekonferenz oder eine Veranstaltung an einem bestimmten Tag) reicht eine e-mail an:\u00a0press@unvienna.org<\/li>\n<li>F\u00fcr eine spezielle Konferenz und deren Dauer gibt es eine eigene befristete Pressekarte: e-mail an:press@unvienna.org<\/li>\n<li>F\u00fcr eine Jahresakkreditierung muss ein online Formular ausgef\u00fcllt werden.\u00a0Diese \u00a0Akkreditierung gilt f\u00fcr ein Jahr und wird immer im November erneuert.<\/li>\n<\/ol>\n<p>F\u00fcr Punkt 1 und 2 reicht als Anhang eine Kopie des Presseausweises bzw. ein offizielles Schreiben (Akkreditiv) mit Briefkopf des Mediums.<\/p>\n<p>F\u00fcr eine Jahresakkreditierung gelten folgende Voraussetzungen:<\/p>\n<ul>\n<li>ausgef\u00fclltes Antragsformular<\/li>\n<li>offizielles Schreiben (Akkreditiv) mit Briefkopf des Mediums<\/li>\n<li>Kopie eines g\u00fcltigen Presseausweises<\/li>\n<li>Kopie des Reisepasses\/Personalausweises<\/li>\n<li>Alle n\u00f6tigen Unterlagen k\u00f6nnen bei der\u00a0<a href=\"http:\/\/unvextn2.unvienna.org\/production\/unis\/Registration.nsf\/frmJournalistWeb?OpenForm&amp;checktype=1&amp;conf=YearlyRegistration\">online-Akkreditierung<\/a>als Anhang mitgeschickt werden. Wenn Sie mit den Akkreditierungs- bzw. den Zutrittsbestimmungen f\u00fcr Medienvertreter zum VIC einverstanden sind, f\u00fcllen Sie bitte das\u00a0<a href=\"http:\/\/unvextn2.unvienna.org\/production\/unis\/Registration.nsf\/frmJournalistWeb?OpenForm&amp;checktype=1&amp;conf=YearlyRegistration\">Formular<\/a>aus, h\u00e4ngen die Unterlagen an und senden diese ab. Sie werden \u00fcber den Stand der Akkreditierung informiert.<\/li>\n<\/ul>\n","protected":false},"excerpt":{"rendered":"<p>Medienakkreditierung direkt im Vienna International Centre: Vorgangsweise: Bona-fide-Medienvertreter \u00a0(Print, Foto, Radio, TV und Film, Nachrichtenagenturen und online-Medien), die die Voraussetzungen<\/p>\n","protected":false},"author":1,"featured_media":0,"parent":0,"menu_order":0,"comment_status":"closed","ping_status":"closed","template":"","meta":{"footnotes":""},"_links":{"self":[{"href":"https:\/\/uncav-vienna.org\/index.php?rest_route=\/wp\/v2\/pages\/16715"}],"collection":[{"href":"https:\/\/uncav-vienna.org\/index.php?rest_route=\/wp\/v2\/pages"}],"about":[{"href":"https:\/\/uncav-vienna.org\/index.php?rest_route=\/wp\/v2\/types\/page"}],"author":[{"embeddable":true,"href":"https:\/\/uncav-vienna.org\/index.php?rest_route=\/wp\/v2\/users\/1"}],"replies":[{"embeddable":true,"href":"https:\/\/uncav-vienna.org\/index.php?rest_route=%2Fwp%2Fv2%2Fcomments&post=16715"}],"version-history":[{"count":0,"href":"https:\/\/uncav-vienna.org\/index.php?rest_route=\/wp\/v2\/pages\/16715\/revisions"}],"wp:attachment":[{"href":"https:\/\/uncav-vienna.org\/index.php?rest_route=%2Fwp%2Fv2%2Fmedia&parent=16715"}],"curies":[{"name":"wp","href":"https:\/\/api.w.org\/{rel}","templated":true}]}}