{"id":16131,"date":"2016-08-26T14:14:34","date_gmt":"2016-08-26T14:14:34","guid":{"rendered":"http:\/\/www.arabtion.net\/?page_id=16131"},"modified":"2016-08-26T14:14:34","modified_gmt":"2016-08-26T14:14:34","slug":"vorstand","status":"publish","type":"page","link":"https:\/\/uncav-vienna.org\/?page_id=16131","title":{"rendered":"Vorstand"},"content":{"rendered":"<p><strong><span lang=\"EN-US\">Der neue Vorstand<\/span><\/strong><\/p>\n<p><span lang=\"EN-US\"><span style=\"color: #000000; font-family: Calibri;\">Alle Mitglieder des neu gew\u00e4hlten Vorstandes haben statutengem\u00e4\u00df einen professionellen journalistischen Background und \/ oder eine entsprechende Ausbildung und sind bei Unternehmen, Internationalen Organisationen oder NGOs im PR-Bereich oder als Medienverantwortliche t\u00e4tig. Jede und jeder Einzelne bringen\u00a0wertvolle Erfahrung in die Vorstandsarbeit ein, wir alle werden davon profitieren.<\/span><\/span><\/p>\n<p><span lang=\"EN-US\"><span style=\"color: #000000; font-family: Calibri;\">Bisher geschehen<\/span><\/span><\/p>\n<p><span lang=\"EN-US\"><span style=\"color: #000000; font-family: Calibri;\">Die Vorstandsmitglieder hatten Treffen mit Vertretern internationaler Organisationen und in Wien ans\u00e4ssigen Botschaften, Ministerien und Interessensvertretungen. Wir arbeiten daran, die Wahrnehmung \u00a0und Bekanntheit von UNCAV zu verst\u00e4rken.<\/span><\/span><\/p>\n<p><span lang=\"EN-US\"><span style=\"color: #000000; font-family: Calibri;\">Seit M\u00e4rz 2015 haben wir mit Unterst\u00fctzung von UNIS wieder ein st\u00e4ndiges B\u00fcro im VIC, dem Vienna International Center in Wien. Gleich neben unserem Pr\u00e4sidenten, DI Abdalla Sharief, gibt es einen freien UNCAV-Schreibtisch, den bei UNIS akkreditierte Journalisten bei Konferenzen usw. n\u00fctzen k\u00f6nnen.<\/span><\/span><\/p>\n<p><span lang=\"EN-US\"><span style=\"color: #000000; font-family: Calibri;\">Wir wollen \u2013 unter Einhaltung der journalistischen Unabh\u00e4ngigkeit, Sorgfalt und Korrektheit \u2013 auch einen Beitrag f\u00fcr die Gesellschaft leisten und Sie bei Ihrer Arbeit unterst\u00fctzen. Zukunft, Perspektiven und Services<\/span><\/span><\/p>\n<p><span lang=\"EN-US\"><span style=\"color: #000000; font-family: Calibri;\">Wir verstehen uns als eine unabh\u00e4ngige, keinen politischen, religi\u00f6sen oder wirtschaftlichen Institutionen verpflichtete Organisation, die im Sinne der UNO v\u00f6lkerverbindend agiert und international vernetzt ist. Ganz in diesem Sinne bieten wir Treffen mit Vertretern internationaler Organisationen, in- und ausl\u00e4ndischen Institutionen, Presse- , Informations- und Kulturveranstaltungen.<\/span><\/span><\/p>\n<p><span lang=\"EN-US\"><span style=\"color: #000000; font-family: Calibri;\">Unsere Aufgabe ist es unter anderem auch, f\u00fcr Sie interessante Informationen, die wir von anderen Institutionen bekommen, zu sammeln, aufzubereiten und an Sie weiterzuleiten.<\/span><\/span><\/p>\n<p><span lang=\"EN-US\"><span style=\"color: #000000; font-family: Calibri;\">Weiters planen wir Besuche und F\u00fchrungen u.a. in Medienh\u00e4usern, Kultureinrichtungen, Unternehmen und diversen Organisationen, die eine besondere Affinit\u00e4t zu unserer Arbeit haben.<\/span><\/span><\/p>\n<p><span lang=\"EN-US\"><span style=\"color: #000000; font-family: Calibri;\">UNCAV wird sich weiter entwickeln und verbessern, wir bitten Sie dabei auch um Ihre Mitwirkung. Wenn Sie Ideen, Anregungen, W\u00fcnsche oder Beschwerden haben, dann lassen Sie uns das bitte wissen.\u00a0Wir bem\u00fchen uns, Ihrem Anliegen optimal entgegen zu kommen.<\/span><\/span><\/p>\n<p><span lang=\"EN-US\"><span style=\"color: #000000; font-family: Calibri;\">Mit der Einbindung der UN \u2013 also der United Nations \u2013 in unseren Namen haben wir aber auch eine besondere Verantwortung und Verpflichtung in Bezug auf unsere Arbeit und der Seri\u00f6sit\u00e4t im\u00a0Umgang mit Partnern und der \u00d6ffentlichkeit \u00fcbernommen.<\/span><\/span><\/p>\n<p><span lang=\"EN-US\"><span style=\"color: #000000; font-family: Calibri;\">Der UNCAV-Vorstand<\/span><\/span><\/p>\n<p><span lang=\"EN-US\"><span style=\"color: #000000; font-family: Calibri;\">United Nations Correspondents Association Vienna<\/span><\/span><\/p>\n<p><span lang=\"EN-US\"><span style=\"color: #000000; font-family: Calibri;\">Vereinigung der UNO-Korrespondenten in Wien<\/span><\/span><\/p>\n","protected":false},"excerpt":{"rendered":"<p>Der neue Vorstand Alle Mitglieder des neu gew\u00e4hlten Vorstandes haben statutengem\u00e4\u00df einen professionellen journalistischen Background und \/ oder eine entsprechende<\/p>\n","protected":false},"author":1,"featured_media":0,"parent":0,"menu_order":0,"comment_status":"closed","ping_status":"closed","template":"","meta":{"footnotes":""},"_links":{"self":[{"href":"https:\/\/uncav-vienna.org\/index.php?rest_route=\/wp\/v2\/pages\/16131"}],"collection":[{"href":"https:\/\/uncav-vienna.org\/index.php?rest_route=\/wp\/v2\/pages"}],"about":[{"href":"https:\/\/uncav-vienna.org\/index.php?rest_route=\/wp\/v2\/types\/page"}],"author":[{"embeddable":true,"href":"https:\/\/uncav-vienna.org\/index.php?rest_route=\/wp\/v2\/users\/1"}],"replies":[{"embeddable":true,"href":"https:\/\/uncav-vienna.org\/index.php?rest_route=%2Fwp%2Fv2%2Fcomments&post=16131"}],"version-history":[{"count":0,"href":"https:\/\/uncav-vienna.org\/index.php?rest_route=\/wp\/v2\/pages\/16131\/revisions"}],"wp:attachment":[{"href":"https:\/\/uncav-vienna.org\/index.php?rest_route=%2Fwp%2Fv2%2Fmedia&parent=16131"}],"curies":[{"name":"wp","href":"https:\/\/api.w.org\/{rel}","templated":true}]}}